.
16
Let v(l) = l**3 + 5*l**2 - 2*l + 2. Suppose 5*x = 2*d + 18, 4*d - 3*x = -5*x + 12. Suppose 14 = q + d. Suppose -7*p - 15 = q. Calculate v(p).
26
Let s(h) = 238*h + 75. Let q(t) = 277*t + 74. Let v(f) = 6*q(f) - 7*s(f). Calculate v(-24).
15
Let r(x) be the third derivative of -x**5/60 + x**4/12 - 3*x**3/2 - 4*x**2. Suppose 3*q + 10 - 15 = h, q = -2*h - 10. Give r(q).
-9
Let x(u) = u + 28 - 106 + 28 + 29 + 23 + u**3 - 12*u**2. Let f(i) = 3*i**3 - 35*i**2 + 4*i + 7. Let g(a) = -4*f(a) + 11*x(a). What is g(7)?
8
Suppose 13*n - 10*n - 2*a - 1622 = 0, 4*n - 2136 = -4*a. Let y(p) = -9*p - 272*p**2 - 267*p**2 + n*p**2 + 23. Determine y(-11).
1
Let v(s) = -8*s + 42. Suppose -3*r + 5*j = -30, 3*r - 3*j = j + 27. Let g be v(r). Let b(z) = -z**2 + 4*z - 1. Calculate b(g).
3
Let n be ((-30)/8 - -3)/(7/(-28)). Suppose -2 = -v + 5*r, -20 = -n*v + v + 2*r. Let s(g) = -g**3 + 12*g**2. Give s(v).
0
Let q(o) = 21*o**2 - 4*o - 25. Let x(r) = 5*r**2. Let s(t) = q(t) - 4*x(t). What is s(7)?
-4
Let j(n) = 34*n**2 + n + 42. Let q(m) = -34*m**2 - m - 64. Let a(c) = -3*j(c) - 2*q(c). Calculate a(1).
-33
Suppose -4*g + 7 = -b, 9 - 1 = 5*g - b. Let w be 0 - (6 - (5 - 2/g)). Let c(d) = -2*d + 4. Let i(v) = v - 3. Let a(j) = 3*c(j) + 4*i(j). Calculate a(w).
6
Let p(a) = 8*a - 627. Let v(u) = 4*u - 386. Let m(r) = -4*p(r) + 7*v(r). Give m(-47).
-6
Let x(a) be the first derivative of -a**5/40 + a**4/6 + 4*a**3/3 - 3*a**2/2 + 56. Let g(o) be the third derivative of x(o). Determine g(3).
-5
Let i(u) = 3*u + 19. Let x(a) = -a**2 - 79*a - 376. Let g be x(-5). What is i(g)?
1
Let o(g) be the second derivative of 5*g - 3/2*g**2 + 1/60*g**5 + 0 - 5/24*g**4 + 1/3*g**3. Let v(a) be the first derivative of o(a). Determine v(4).
-2
Let c(h) = 472*h - 171. Let z(q) = 361*q - 172. Let i(n) = -3*c(n) + 4*z(n). Give i(6).
-7
Let o(x) = 22*x - 6. Let u(v) = -47*v + 15. Let y(r) = 5*o(r) + 2*u(r). Determine y(-1).
-16
Let z(p) = -3*p - 35. Let w(b) = -8*b - 86. Let f(l) = -2*w(l) + 5*z(l). Determine f(7).
4
Let l(p) = -63*p - 2547. Let t be l(-40). Let c(n) = -2*n**2 - 47*n + 184. Give c(t).
-5
Suppose 0 = -5*d - 4*k - 114, -5*k - 115 = 5*d - 0*k. Let z = 24 + d. Let p(a) = -1491 - 1492 - 8*a + 2986. Give p(z).
-13
Let n be (-3*3/(-27))/((-4)/252). Let v be (-183)/n + 26/91. Let j(q) = q**2 - 8*q - 11. Calculate j(v).
-2
Let p(s) = 3 - 190*s - 66*s**2 + 20*s**3 - 63 - 21*s**3. Determine p(-63).
3
Suppose -27*v = -16*v + 22. Let f(c) = -8*c + 8. Give f(v).
24
Let u(l) = -82*l - 569. Let c = 4528 + -4535. Give u(c).
5
Let u(l) = -l**3 - 15*l**2 - 16*l - 20. Suppose 0 = -20*i + 2*i + 36. Suppose -i*j - 3*s - 22 = 0, 3*j - 18 = 4*j - 2*s. Give u(j).
8
Suppose 597*b - 44 = 593*b. Let l(g) = g**2 - 10*g - 8. What is l(b)?
3
Let n(d) = -d. Let z be 2/((-444)/(-114) - 4). Let u be 230/z + (-22)/(-209). Determine n(u).
12
Let b(h) = 5*h + 123. Let z be b(-24). Suppose 2*l = -z*y + 11, -39*y = -3*l - 34*y + 7. Let i(q) = q**2 + 3. What is i(l)?
19
Let n = 154 + -150. Suppose v = -a, -4*v - 5*a - n + 6 = 0. Let s(u) = 0 + 2 + u**2 + 2*u + 0*u. Give s(v).
2
Let s(l) be the third derivative of l**4/8 - 31*l**3/3 - 1280*l**2. Determine s(20).
-2
Suppose 5*r - f + 25 = 152, r + f = 23. Suppose 0 = 2*i - 2, 2*i = b + 2*b - r. Let s = 8 - b. Let z(y) = 4*y. Calculate z(s).
-4
Let c be -3 - (-11 + (-12)/(-3)). Let u(q) be the first derivative of -4*q - 7 - 1/3*q**3 - c*q**2. Calculate u(-8).
-4
Suppose -17*w - 755 = -1078. Let d(l) = -2*l**2 + 30*l + 149. Calculate d(w).
-3
Suppose -9 = -b - 27. Let v(t) be the first derivative of t**2 + 30*t + 7. Let i be v(b). Let p(y) = -y + 5. Give p(i).
11
Suppose 6651*l - 6672*l = 0. Let c(t) = 3*t**2 - 43. Calculate c(l).
-43
Let x(m) = -19*m + 190. Let r(p) = 2*p + 22. Let w(b) = -4*r(b) - x(b). Give w(25).
-3
Let r(p) = 23641 + 23634 + 7*p - 47157. Determine r(-19).
-15
Let x(w) = -37*w - 1912. Let n be x(-52). Let z(s) = -s**2 + 20*s - 103. Calculate z(n).
-7
Let g(o) = o**3 - 3*o**2 + 6*o - 25. Suppose -39 + 22 = v - 3*x, 0 = -5*v + x + 13. Determine g(v).
15
Let x = -116 - -117. Suppose y - h = x + 10, 17 = 2*y + 3*h. Let g(l) = l**3 - 9*l**2 - 13*l + 14. Calculate g(y).
-16
Let g = 2092 + -2092. Let h be (-3)/(-2)*(-2 - -4). Let t(a) = -2 - 5*a**3 + 4*a**h + 1 + a**2. What is t(g)?
-1
Let y(w) = -25*w - 487. Let u be 3/4 + (-5056)/256. Give y(u).
-12
Let x(z) be the third derivative of 5*z**4/24 + 25*z**3/6 + 994*z**2 - 2*z. What is x(-6)?
-5
Let j(g) = -6*g - 4. Let w be j(-1). Let u be 1/(-1) - (-5 + w). Let i(m) = -2*m**2 + m**3 - 3*m**u + 2*m**2 + 2*m**2. Calculate i(1).
0
Let j(w) = 3*w + 14. Let g(h) = -3*h - 12. Let q(a) = 6*g(a) + 5*j(a). Let u(c) = 5*c - 5. Let i(x) = 1. Let r(t) = -6*i(t) - u(t). Let z be r(1). What is q(z)?
16
Let u(j) = j**2 + 8*j - 5. Let a(o) = -o**3 - 14*o**2 + 10*o - 20. Let d be a(-11). Let m = -499 - d. Determine u(m).
-17
Suppose 0 = 4*c - 2*r - 2140, -5*c = 6*r - 8*r - 2674. Suppose 10*g - c = -434. Let q(z) = z**2 - 8*z + 4. Give q(g).
24
Let v(q) = 183*q**3 - q - 181*q**3 + 3*q**2 - q**2. Let k(f) = -4*f + 10. Let m(h) = -h. Let y(x) = -k(x) + 3*m(x). Let g be y(8). Determine v(g).
-6
Suppose -18 = -17*a - 1 - 17. Let n(l) = -l**2 - 2 + 9 + 15. Calculate n(a).
22
Let a(r) = 4*r - 3. Let l(v) = 11 - 3 + v + 8 - 18*v - 2. Let o(j) = 9*a(j) + 2*l(j). Give o(-7).
-13
Let r(l) = l**2. Let m(j) be the first derivative of 5*j**3/3 - 5*j**2 + 186. Let g(z) = -m(z) + 4*r(z). What is g(9)?
9
Let g(t) = -2*t**3 + 13*t**2 - 10*t + 6*t - 14*t + 17 + t**3 + 52. Calculate g(12).
-3
Let b(n) = 6*n**2 - 4*n + 7. Let g be b(5). Let p(x) = -g*x + 1 + 75*x + 1 + 65*x. What is p(-5)?
-13
Suppose g - 10 = 6*g, 2 = -3*v - g. Let d(t) = -5 + 9 + 102*t - 103*t - t**3. Calculate d(v).
4
Let d = -3427 + 3437. Suppose 2*w = -0*w. Let j(o) = -o**2 + 2 + 10*o - o + w*o**2 + 10. What is j(d)?
2
Suppose 14*v - 26 = v. Let z be v/3*-3*(-44)/8. Let a(q) = -q**2 + 12*q - 11. Give a(z).
0
Let d(b) be the third derivative of b**4/4 + 2*b**3/3 + 1592*b**2. Suppose -f - 4*f - 25 = 0. What is d(f)?
-26
Let t be (-4 - -1) + (36 - 1800/60). Let s(f) be the second derivative of f**5/20 - f**4/12 - f**3/3 + f**2 + f. What is s(t)?
14
Let t(j) = j**3 + 8*j**2. Suppose 0 = 15*l + 16*l - 3100. Let c = 92 - l. Determine t(c).
0
Let w be (13 + 2 + -14)/((-2)/(-4)). Let u(l) = 4 - 6*l**w - 2*l**2 + 6 + 0 + l**3 + l**2. What is u(7)?
10
Let m(g) = -g**3 - 4*g**2 - g - 10. Let y be (-8 - -3)*(-2 + 1)*-1. Determine m(y).
20
Let y be 8/(-14) - (-82)/70 - (-2640)/(-275). Let m(w) = 2*w**2 + 11*w. Let k(g) = g**2 + g. Let v(r) = -k(r) + m(r). Calculate v(y).
-9
Let z = 171 + -55. Let h(f) = -234 + z - 4*f - f**2 + 120. Let q = -11 - -8. Determine h(q).
5
Suppose u - 3 = 3. Let r(l) be the second derivative of l**3/2 - 2*l**2 + 37*l - 70. Calculate r(u).
14
Let r(n) = 82*n**2 - 7*n - 18. Let i be r(-8). Let s(z) = -z**3 + 0*z**3 - 6*z + 5284 - i + 5*z. Give s(-2).
8
Suppose 24 = q - 4*i, 14*q - 3*i = 15*q + 18. Let k(v) = -v**3 - 2*v**2 - 4*v + 9. Give k(q).
9
Let g(m) be the third derivative of 2*m - 3*m**2 + 5/6*m**3 + 0 + 1/6*m**4. Calculate g(-5).
-15
Let m be 8 - 10/(3*(-4 + 90/27)). Let p(l) = -5*l**3 - 6*l**2 - 7*l - 6. Let s(n) = -4*n**3 - 7*n**2 - 8*n - 6. Let a(f) = 5*p(f) - 6*s(f). Determine a(m).
6
Let a(l) be the third derivative of l**4/6 - l**3/6 - l**2. Let x(b) = 3*b**3 + 129*b**2 + 1058*b + 63. Let o be x(-32). Determine a(o).
-5
Let n = 901 + -902. Let u(v) = -56*v**3 + v**2. Determine u(n).
57
Let t(x) be the third derivative of -163*x**2 + 1/30*x**5 + 0 + 1/3*x**3 + 0*x - 1/24*x**4. What is t(-2)?
12
Let p(n) = 4*n - 4 + 5*n - 13*n. Let d(h) = 6*h + 9. Let z(c) = 6*d(c) + 10*p(c). Calculate z(6).
-10
Let j = -68 + 102. Let w be 2*(17/j + 1*-2). Let t(i) = -3*i**2 - i - 1. Give t(w).
-25
Let c(r) = -2*r**2 - 12*r. Let x(f) be the first derivative of -f**3/3 - 11*f**2/2 - 56. Let y(p) = 2*c(p) - 3*x(p). Determine y(5).
20
Let v(k) = -19*k**2 + k. Let s(l) = -116*l + 4527. Let d be s(39). Calculate v(d).
-168
Let w(r) = -108*r + 9920 + 3*r**2 - 4969 + 64*r - 4964. What is w(14)?
-41
Let v(g) = -3*g - 3. Suppose 0 = -4*m - s + 116, -3*s = 5*m - 129 - 16. Suppose -19 = -f - 3*q, -6 - m = -5*f - 3*q. Determine v(f).
-15
Let v(k) = -k**2 + 14*k - 44. Suppos